factor of 62?
False
Is 9 a factor of 9702?
True
Is 19 a factor of 8790?
False
Is 74 a multiple of 5?
False
Is 41907 a multiple of 45?
False
Does 11 divide 39?
False
Is 389 a multiple of 26?
False
Is 124 a multiple of 3?
False
Is 43 a factor of 47300?
True
Is 3 a factor of 383?
False
Is 163 a factor of 3260?
True
Is 47588 a multiple of 36?
False
Is 741 a multiple of 19?
True
Is 83810 a multiple of 17?
True
Is 24076 a multiple of 13?
True
Is 68 a factor of 76296?
True
Is 19 a factor of 4522?
True
Is 7 a factor of 875?
True
Does 8 divide 3218?
False
Is 12 a factor of 5870?
False
Does 15 divide 600?
True
Is 44 a factor of 79684?
True
Is 51 a factor of 525?
False
Does 66 divide 3930?
False
Is 58 a factor of 4734?
False
Is 14391 a multiple of 39?
True
Is 41 a factor of 2255?
True
Is 12 a factor of 156?
True
Does 50 divide 1350?
True
Is 69 a factor of 276?
True
Is 42 a multiple of 14?
True
Does 25 divide 2680?
False
Is 2940 a multiple of 42?
True
Is 34 a factor of 17102?
True
Does 61 divide 719?
False
Is 15 a factor of 149?
False
Is 117 a factor of 2920?
False
Is 30 a factor of 3450?
True
Is 4 a factor of 665?
False
Is 196 a factor of 30790?
False
Is 2 a factor of 193?
False
Is 957 even?
False
Is 3327 a multiple of 3?
True
Does 182 divide 780?
False
Does 14 divide 1974?
True
Is 777 a multiple of 7?
True
Does 5 divide 3690?
True
Is 51 a multiple of 8?
False
Is 53354 a multiple of 206?
True
Is 7 a factor of 178?
False
Is 27617 a multiple of 17?
False
Is 12 a factor of 1364?
False
Is 104 a factor of 10142?
False
Is 136 a multiple of 17?
True
Is 2626 a multiple of 10?
False
Does 38 divide 1102?
True
Is 1408 a multiple of 16?
True
Does 108 divide 33696?
True
Is 28 a factor of 308?
True
Is 924 a multiple of 54?
False
Does 25 divide 6043?
False
Does 48 divide 21079?
False
Does 149 divide 27118?
True
Is 1168 a multiple of 9?
False
Is 69 a factor of 3588?
True
Is 2244 a multiple of 33?
True
Does 52 divide 4020?
False
Is 11 a factor of 704?
True
Is 1373 a multiple of 48?
False
Does 2 divide 6843?
False
Is 12 a factor of 1980?
True
Does 9 divide 15048?
True
Does 93 divide 2211?
False
Is 33 a factor of 5148?
True
Is 1724 a multiple of 7?
False
Does 3 divide 71?
False
Is 27 a factor of 536?
False
Does 10 divide 14560?
True
Does 29 divide 87?
True
Is 9 a factor of 2880?
True
Is 3139 a multiple of 9?
False
Is 6 a factor of 570?
True
Is 14 a factor of 601?
False
Does 5 divide 14058?
False
Is 68 a multiple of 34?
True
Is 836 a multiple of 7?
False
Is 27 a factor of 3456?
True
Does 14 divide 1428?
True
Is 10 a factor of 43?
False
Is 25369 a multiple of 15?
False
Is 1414 a multiple of 20?
False
Is 760 a multiple of 8?
True
Does 38 divide 912?
True
Does 24 divide 2592?
True
Is 3694 a multiple of 13?
False
Does 45 divide 5050?
False
Does 18 divide 13077?
False
Is 2026 even?
True
Is 1105 a multiple of 13?
True
Is 72 a multiple of 12?
True
Is 46686 a multiple of 19?
False
Is 45 a factor of 15230?
False
Is 1065 even?
False
Is 3 a factor of 10200?
True
Is 21 a factor of 93849?
True
Is 3 a factor of 230?
False
Is 2 a factor of 66?
True
Is 14 a factor of 532?
True
Does 7 divide 875?
True
Is 1440 a multiple of 24?
True
Is 21 a factor of 587?
False
Is 8863 a multiple of 103?
False
Is 115 a factor of 115?
True
Is 18 a factor of 609?
False
Does 99 divide 109846?
False
Is 714 a multiple of 21?
True
Is 58 a factor of 13572?
True
Is 74 a factor of 2294?
True
Does 3 divide 66?
True
Is 6 a factor of 3959?
False
Is 491 a multiple of 11?
False
Does 75 divide 36894?
False
Does 15 divide 129795?
True
Does 33 divide 6930?
True
Is 52 a factor of 1260?
False
Does 8 divide 1272?
True
Does 18 divide 900?
True
Is 35 a factor of 2380?
True
Is 8915 a multiple of 36?
False
Is 26 a factor of 2014?
False
Is 1681 a multiple of 95?
False
Is 7 a factor of 150?
False
Is 186 a factor of 5580?
True
Does 92 divide 5888?
True
Is 8 a factor of 7766?
False
Does 4 divide 5888?
True
Is 60 a factor of 1860?
True
Is 35259 a multiple of 11?
False
Does 14 divide 2110?
False
Is 12 a factor of 255?
False
Is 19 a factor of 7845?
False
Does 44 divide 13244?
True
Is 5 a factor of 1437?
False
Is 288 a multiple of 32?
True
Does 188 divide 5828?
True
Is 8 a factor of 408?
True
Is 300 a factor of 7801?
False
Is 3023 a multiple of 10?
False
Is 213 a multiple of 7?
False
Does 17 divide 7994?
False
Is 40 a factor of 440?
True
Does 10 divide 58?
False
Is 17 a factor of 4012?
True
Is 5 a factor of 520?
True
Is 61703 a multiple of 11?
False
Is 9 a factor of 588?
False
Is 19 a factor of 798?
True
Does 59 divide 3126?
False
Is 1865 a multiple of 12?
False
Does 37 divide 3616?
False
Is 87 a factor of 10788?
True
Is 6 a factor of 564?
True
Is 331 a factor of 48465?
False
Is 87 a factor of 4291?
False
Is 81 a factor of 152?
False
Is 4 a factor of 9307?
False
Is 16 a factor of 768?
True
Is 31140 a multiple of 346?
True
Is 31260 a multiple of 60?
True
Does 43 divide 43?
True
Is 92 a factor of 5993?
False
Does 11 divide 160?
False
Is 83952 a multiple of 53?
True
Does 20 divide 2360?
True
Does 7 divide 1879?
False
Is 107300 a multiple of 29?
True
Does 39 divide 11306?
False
Does 18 divide 2226?
False
Does 30 divide 9476?
False
Is 21 a factor of 29?
False
Is 1010 a multiple of 32?
False
Is 7683 a multiple of 13?
True
Is 1935 a multiple of 33?
False
Is 114 a multiple of 7?
False
Is 51 a factor of 27081?
True
Is 283 a multiple of 4?
False
Is 23 a factor of 1018?
False
Is 20 a factor of 9040?
True
Is 20 a factor of 1820?
True
Does 19 divide 7923?
True
Is 4077 a multiple of 75?
False
Is 375 a multiple of 25?
True
Is 66 a factor of 2574?
True
Is 11760 a multiple of 105?
True
Is 11 a factor of 8024?
False
Does 31 divide 2976?
True
Is 20064 a multiple of 24?
True
Is 3876 a multiple of 5?
False
Is 5503 a multiple of 25?
False
Is 54 a factor of 4320?
True
Is 3798 a multiple of 18?
True
Is 5963 a multiple of 50?
False
Is 14 a factor of 1400?
True
Does 150 divide 92605?
False
Is 5 a factor of 915?
True
Is 2860 a multiple of 12?
False
Does 19 divide 25743?
False
Is 20 a factor of 360?
True
Is 49 a factor of 3724?
True
Is 102 a factor of 23999?
False
Does 6 divide 930?
True
Is 39469 a multiple of 94?
False
Is 27 a factor of 999?
True
Is 1478 a multiple of 31?
False
Does 23 divide 21505?
True
Is 2485 a multiple of 2?
False
Is 23250 a multiple of 186?
True
Is 3 a factor of 2221?
False
Is 4 a factor of 25704?
True
Is 6 even?
True
Is 14 a factor of 1641?
False
Is 76 a factor of 3625?
False
Is 1885 a multiple of 16?
False
Is 3 a factor of 30?
True
Is 1634 a multiple of 86?
True
Is 3 a factor of 1055?
False
Does 77 divide 40810?
True
Is 1696 a multiple of 16?
True
Is 62 a multiple of 31?
True
Is 60 a factor of 8124?
False
Does 11 divide 3014?
True
Is 7 a factor of 14528?
False
Does 20 divide 12060?
True
Does 48 divide 960?
True
Is 41081 a multiple of 104?
False
Is 513 a multiple of 3?
True
Is 1470 a multiple of 47?
False
Is 528 a multiple of 44?
True
Is 325 a multiple of 13?
True
Is 2 a factor of 133?
False
Is 11 a factor of 58509?
True
Does 42 divide 6090?
True
Is 9 a factor of 602?
False
Is 4 a factor of 4384?
True
Does 29 divide 290?
True
Is 1190 a multiple of 34?
True
Is 4 a factor of 684?
True
Is 18 a factor of 41?
False
Does 15 divide 2010?
True
Does 95 divide 7600?
True
Is 145594 a multiple of 21?
False
Is 5220 a multiple of 58?
True
Does 35 divide 9730?
True
Does 96 divide 10080?
True
Does 7 divide 41?
False
Does 12 divide 11196?
True
Is 1478 a multiple of 13?
False
Does 25 divide 23625?
True
Is 1661 a multiple of 20?
False
Is 21332 a multiple of 17?
False
Is 762 a multiple of 16?
False
Is 5670 a multiple of 27?
True
Does 52 divide 1529?
False
Does 52 divide 52671?
False
Is 1614 a multiple of 18?
False
Is 5846 a multiple of 79?
True
Does 45 divide 765?
True
Is 8 a factor of 5048?
True
Is 15 a factor of 3277?
False
Is 52 a factor of 3692?
True
Is 87 a multiple of 12?
False
Is 13 a factor of 156?
True
Does 39 divide 2340?
True
Does 86 divide 688?
True
Is 24 a factor of 1104?
True
Does 48 divide 13632?
True
Is 8 a factor of 311?
False
Is 14656 a multiple of 90?
False
Does 7 divide 778?
False
Does 38 divide 684?
True
Is 1517 a multiple of 41?
True
Is 28 a factor of 146?
False
Is 1040 a multiple of 8?
True
Is 17 a factor of 15069?
False
Is 79 a factor